ed by 635?
38
What is the remainder when 3079 is divided by 88?
87
What is the remainder when 4677325 is divided by 9?
7
What is the remainder when 117520 is divided by 29376?
16
What is the remainder when 7843 is divided by 57?
34
What is the remainder when 1433053 is divided by 53?
39
Calculate the remainder when 6248 is divided by 1558.
16
What is the remainder when 317728 is divided by 105907?
7
Calculate the remainder when 20513 is divided by 621.
20
What is the remainder when 30085 is divided by 271?
4
What is the remainder when 53639 is divided by 5?
4
Calculate the remainder when 59131 is divided by 283.
267
Calculate the remainder when 3066 is divided by 292.
146
Calculate the remainder when 48241 is divided by 9622.
131
Calculate the remainder when 26369 is divided by 293.
292
What is the remainder when 230502 is divided by 125?
2
Calculate the remainder when 1374 is divided by 1293.
81
What is the remainder when 825281 is divided by 279?
278
What is the remainder when 1449776 is divided by 362444?
0
What is the remainder when 937221 is divided by 312406?
3
What is the remainder when 43597 is divided by 103?
28
What is the remainder when 9010 is divided by 1776?
130
What is the remainder when 319199 is divided by 37?
0
What is the remainder when 11278 is divided by 10441?
837
Calculate the remainder when 28869 is divided by 8.
5
Calculate the remainder when 382324 is divided by 368.
340
Calculate the remainder when 5533 is divided by 300.
133
Calculate the remainder when 3452 is divided by 266.
260
What is the remainder when 525161 is divided by 654?
653
What is the remainder when 28239 is divided by 17?
2
What is the remainder when 899958 is divided by 745?
743
Calculate the remainder when 5884 is divided by 31.
25
Calculate the remainder when 353370 is divided by 61.
58
Calculate the remainder when 155817 is divided by 10.
7
Calculate the remainder when 491 is divided by 334.
157
Calculate the remainder when 88936 is divided by 520.
16
What is the remainder when 1038 is divided by 285?
183
Calculate the remainder when 9188 is divided by 2261.
144
What is the remainder when 875 is divided by 414?
47
Calculate the remainder when 28827 is divided by 799.
63
What is the remainder when 1728599 is divided by 215?
214
What is the remainder when 255730 is divided by 101?
99
Calculate the remainder when 3989 is divided by 403.
362
What is the remainder when 390385 is divided by 58?
45
What is the remainder when 776 is divided by 191?
12
What is the remainder when 1251892 is divided by 185?
182
Calculate the remainder when 33473 is divided by 103.
101
What is the remainder when 1446 is divided by 55?
16
What is the remainder when 184558 is divided by 1309?
1298
What is the remainder when 94114 is divided by 126?
118
Calculate the remainder when 13200 is divided by 1885.
5
What is the remainder when 7296748 is divided by 2250?
2248
What is the remainder when 10542 is divided by 185?
182
Calculate the remainder when 812 is divided by 618.
194
Calculate the remainder when 2906 is divided by 250.
156
Calculate the remainder when 4040 is divided by 1825.
390
What is the remainder when 128788 is divided by 32?
20
What is the remainder when 16212 is divided by 1336?
180
Calculate the remainder when 357606 is divided by 4308.
42
What is the remainder when 598467 is divided by 92?
7
Calculate the remainder when 16299 is divided by 3259.
4
What is the remainder when 1359549 is divided by 12?
9
What is the remainder when 3134 is divided by 196?
194
What is the remainder when 27388 is divided by 3030?
118
What is the remainder when 350266 is divided by 16678?
28
What is the remainder when 26267 is divided by 27?
23
What is the remainder when 3549694 is divided by 8?
6
Calculate the remainder when 9360 is divided by 234.
0
What is the remainder when 6878 is divided by 8?
6
Calculate the remainder when 465348 is divided by 554.
542
What is the remainder when 244269 is divided by 175?
144
What is the remainder when 320154 is divided by 35571?
15
Calculate the remainder when 228795 is divided by 18.
15
Calculate the remainder when 24467 is divided by 204.
191
What is the remainder when 26344 is divided by 70?
24
Calculate the remainder when 4751 is divided by 4720.
31
What is the remainder when 82603 is divided by 437?
10
Calculate the remainder when 2431 is divided by 447.
196
Calculate the remainder when 187043 is divided by 186987.
56
Calculate the remainder when 187462 is divided by 8521.
0
Calculate the remainder when 83982 is divided by 11.
8
Calculate the remainder when 47273 is divided by 3937.
29
What is the remainder when 256719 is divided by 129?
9
Calculate the remainder when 5350 is divided by 35.
30
Calculate the remainder when 1296208 is divided by 1363.
1358
Calculate the remainder when 67276 is divided by 19.
16
What is the remainder when 100151 is divided by 26?
25
Calculate the remainder when 6281 is divided by 70.
51
Calculate the remainder when 73928 is divided by 4619.
24
What is the remainder when 8177 is divided by 143?
26
Calculate the remainder when 106537 is divided by 26634.
1
What is the remainder when 19231 is divided by 68?
55
Calculate the remainder when 146602 is divided by 44.
38
Calculate the remainder when 690006 is divided by 689991.
15
Calculate the remainder when 158281 is divided by 22.
13
What is the remainder when 3352283 is divided by 76?
75
What is the remainder when 278 is divided by 75?
53
What is the remainder when 26729 is divided by 33?
32
Calculate the remainder when 83020 is divided by 409.
402
Calculate the remainder when 2006396 is divided by 37.
34
Calculate the remainder when 642335 is divided by 214109.
8
What is the remainder when 205311 is divided by 752?
15
Calculate the remainder when 399978 is divided by 3.
0
Calculate the remainder when 3284 is divided by 393.
140
Calculate the remainder when 381611 is divided by 10042.
15
What is the remainder when 83 is divided by 6?
5
Calculate the remainder when 52302 is divided by 11.
8
Calculate the remainder when 79 is divided by 42.
37
Calculate the remainder when 85669 is divided by 30.
19
Calculate the remainder when 6619 is divided by 62.
47
What is the remainder when 21882 is divided by 69?
9
Calculate the remainder when 22360 is divided by 21.
16
Calculate the remainder when 16377 is divided by 5451.
24
Calculate the remainder when 15252 is divided by 513.
375
Calculate the remainder when 497 is divided by 273.
224
What is the remainder when 2465 is divided by 178?
151
Calculate the remainder when 64317 is divided by 80.
77
Calculate the remainder when 27897 is divided by 75.
72
Calculate the remainder when 30585 is divided by 3822.
9
What is the remainder when 4514 is divided by 32?
2
Calculate the remainder when 69431 is divided by 34687.
57
What is the remainder when 2041097 is divided by 50?
47
Calculate the remainder when 1614 is divided by 403.
2
What is the remainder when 5357343 is divided by 102?
99
Calculate the remainder when 346823 is divided by 115603.
14
What is the remainder when 2518 is divided by 2290?
228
Calculate the remainder when 12660 is divided by 3158.
28
What is the remainder when 30951 is divided by 79?
62
Calculate the remainder when 257 is divided by 185.
72
Calculate the remainder when 15186 is divided by 181.
163
What is the remainder when 3561 is divided by 58?
23
Calculate the remainder when 342317 is divided by 5.
2
Calculate the remainder when 585280 is divided by 11476.
4
What is the remainder when 11407 is divided by 228?
7
Calculate the remainder when 7437 is divided by 523.
115
Calculate the remainder when 71057 is divided by 24.
17
What is the remainder when 341 is divided by 172?
169
Calculate the remainder when 2956 is divided by 37.
33
Calculate the remainder when 31207 is divided by 1226.
557
Calculate the remainder when 22206 is divided by 53.
52
What is the remainder when 43845 is divided by 28?
25
Calculate the remainder when 327612 is divided by 466.
14
What is the remainder when 238107 is divided by 23?
11
Calculate the remainder when 4789 is divided by 109.
102
What is the remainder when 29126 is divided by 909?
38
What is the remainder when 12351 is divided by 193?
192
Calculate the remainder wh